s digit of 223?
2
What is the units digit of 30762?
2
What is the thousands digit of 10013?
0
What is the units digit of 7711?
1
What is the thousands digit of 3557?
3
What is the hundreds digit of 5028?
0
What is the tens digit of 37356?
5
What is the units digit of 12981?
1
What is the thousands digit of 3372?
3
What is the tens digit of 25653?
5
What is the hundreds digit of 63155?
1
What is the ten thousands digit of 40645?
4
What is the units digit of 105?
5
What is the tens digit of 2888?
8
What is the ten thousands digit of 12819?
1
What is the thousands digit of 9889?
9
What is the tens digit of 24597?
9
What is the hundreds digit of 1807?
8
What is the thousands digit of 8256?
8
What is the hundreds digit of 5843?
8
What is the units digit of 3351?
1
What is the tens digit of 883?
8
What is the units digit of 3415?
5
What is the units digit of 75901?
1
What is the units digit of 9489?
9
What is the tens digit of 1083?
8
What is the units digit of 6491?
1
What is the thousands digit of 2448?
2
What is the tens digit of 2530?
3
What is the thousands digit of 173995?
3
What is the tens digit of 811?
1
What is the hundreds digit of 8062?
0
What is the tens digit of 5238?
3
What is the tens digit of 11851?
5
What is the thousands digit of 2003?
2
What is the tens digit of 19704?
0
What is the units digit of 154333?
3
What is the units digit of 42301?
1
What is the hundreds digit of 3741?
7
What is the hundreds digit of 5256?
2
What is the hundreds digit of 1709?
7
What is the units digit of 3831?
1
What is the units digit of 20566?
6
What is the units digit of 820?
0
What is the tens digit of 617?
1
What is the thousands digit of 6319?
6
What is the hundreds digit of 2909?
9
What is the hundreds digit of 6323?
3
What is the tens digit of 151953?
5
What is the units digit of 44205?
5
What is the hundreds digit of 30098?
0
What is the hundreds digit of 687?
6
What is the hundreds digit of 1441?
4
What is the hundreds digit of 620?
6
What is the tens digit of 827?
2
What is the units digit of 1504?
4
What is the hundreds digit of 349?
3
What is the hundreds digit of 13087?
0
What is the thousands digit of 14265?
4
What is the thousands digit of 66496?
6
What is the thousands digit of 1108?
1
What is the units digit of 1027?
7
What is the hundreds digit of 2457?
4
What is the thousands digit of 3027?
3
What is the tens digit of 18277?
7
What is the hundred thousands digit of 109131?
1
What is the thousands digit of 9844?
9
What is the hundreds digit of 2953?
9
What is the hundreds digit of 913?
9
What is the hundreds digit of 107?
1
What is the thousands digit of 5346?
5
What is the units digit of 1362?
2
What is the hundreds digit of 86558?
5
What is the hundreds digit of 539?
5
What is the ten thousands digit of 25894?
2
What is the tens digit of 446?
4
What is the units digit of 7403?
3
What is the hundreds digit of 42046?
0
What is the thousands digit of 59649?
9
What is the tens digit of 39577?
7
What is the units digit of 19572?
2
What is the units digit of 2185?
5
What is the units digit of 9070?
0
What is the thousands digit of 4467?
4
What is the units digit of 1083?
3
What is the units digit of 13733?
3
What is the tens digit of 627?
2
What is the thousands digit of 5253?
5
What is the units digit of 1514?
4
What is the units digit of 1592?
2
What is the hundreds digit of 26164?
1
What is the tens digit of 303?
0
What is the hundreds digit of 1288?
2
What is the ten thousands digit of 73894?
7
What is the ten thousands digit of 27398?
2
What is the units digit of 1272?
2
What is the tens digit of 774?
7
What is the units digit of 1602?
2
What is the tens digit of 84080?
8
What is the tens digit of 53180?
8
What is the thousands digit of 31628?
1
What is the thousands digit of 2976?
2
What is the tens digit of 4209?
0
What is the thousands digit of 1246?
1
What is the hundreds digit of 2781?
7
What is the ten thousands digit of 92840?
9
What is the tens digit of 6423?
2
What is the thousands digit of 7037?
7
What is the units digit of 30484?
4
What is the units digit of 3194?
4
What is the units digit of 11351?
1
What is the units digit of 833?
3
What is the hundreds digit of 214?
2
What is the ten thousands digit of 17403?
1
What is the tens digit of 24326?
2
What is the hundreds digit of 60579?
5
What is the thousands digit of 6937?
6
What is the units digit of 33133?
3
What is the units digit of 592?
2
What is the units digit of 133093?
3
What is the units digit of 31438?
8
What is the thousands digit of 15084?
5
What is the units digit of 512?
2
What is the units digit of 6371?
1
What is the units digit of 304?
4
What is the hundreds digit of 26563?
5
What is the tens digit of 624?
2
What is the ten thousands digit of 10678?
1
What is the tens digit of 71348?
4
What is the tens digit of 1118?
1
What is the thousands digit of 15648?
5
What is the tens digit of 7053?
5
What is the units digit of 10787?
7
What is the units digit of 24433?
3
What is the thousands digit of 1352?
1
What is the hundreds digit of 1291?
2
What is the units digit of 1742?
2
What is the tens digit of 137?
3
What is the hundreds digit of 4711?
7
What is the thousands digit of 7751?
7
What is the units digit of 2962?
2
What is the units digit of 4333?
3
What is the tens digit of 30479?
7
What is the thousands digit of 7999?
7
What is the thousands digit of 2715?
2
What is the thousands digit of 3210?
3
What is the units digit of 6730?
0
What is the tens digit of 5822?
2
What is the thousands digit of 48901?
8
What is the hundreds digit of 1326?
3
What is the tens digit of 462?
6
What is the hundred thousands digit of 139516?
1
What is the ten thousands digit of 29449?
2
What is the tens digit of 1369?
6
What is the units digit of 9665?
5
What is the thousands digit of 4883?
4
What is the thousands digit of 62150?
2
What is the hundreds digit of 1397?
3
What is the units digit of 1032?
2
What is the hundred thousands digit of 128124?
1
What is the tens digit of 688?
8
What is the thousands digit of 3194?
3
What is the units digit of 3805?
5
What is the units digit of 42880?
0
What is the hundreds digit of 13991?
9
What is the tens digit of 3563?
6
What is the units digit of 1537?
7
What is the ten thousands digit of 121191?
2
What is the units digit of 29136?
6
What is the hundreds digit of 90369?
3
What is the ten thousands digit of 11747?
1
What is the hundreds digit of 5481?
4
What is the units digit of 537?
7
What is the units digit of 5611?
1
What is the units digit of 8213?
3
What is the hundreds digit of 1170?
1
What is the tens digit of 10475?
7
What is the tens digit of 16976?
7
What is the hundreds digit of 104187?
1
What is the thousands digit of 65927?
5
What is the units digit of 5812?
2
What is the hundreds digit of 17539?
5
What is the hundreds digit of 101699?
6
What is the tens digit of 7038?
3
What is the hundreds digit of 301?
3
What is the hundreds digit of 30230?
2
What is the tens digit of 860?
6
What is the hundreds digit of 4943?
9
What is the tens digit of 762?
6
What is the ten thousands digit of 16606?
1
What is the hundreds digit of 30328?
3
What is the units digit of 725?
5
What is the tens digit of 877?
7
What is the thousands digit of 3738?
3
What is the tens digit of 1183?
8
What is the units digit of 27010?
0
What is the thousands digit of 49966?
9
What is the thousands digit of 4246?
4
What is the hundreds digit of 4619?
6
What is the thousands digit of 2898?
2
What is the thousands digit of 8186?
8
What is the ten thousands digit of 40009?
4
What is the units digit of 54749?
9
What is the tens digit of 2271?
7
What is the hundreds digit of 37890?
8
What is the tens digit of 13396?
9
What is the units digit of 419?
9
What is the hundreds digit of 105?
1
What is the tens digit of 4331?
3
What is the hundreds digit of 135524?
5
What is the hundreds digit of 7085?
0
What is the thousands digit of 5329?
5
What is the tens digit of 71302?
0
What is the hundreds digit of 106758?
7
What is the units digit of 2678?
8
What is the hundreds digit of 2067?
0
What is the tens digit of 911?
1
What is the ten thousands digit of 29147?
2
What is the hundred thousands digit of 112031?
1
What is the tens digit of 5636?
3
What is the tens di